{"id":3154,"date":"2026-01-30T18:27:56","date_gmt":"2026-01-30T18:27:56","guid":{"rendered":"https:\/\/www.patrikvajda.sk\/?page_id=3154"},"modified":"2026-03-25T08:10:33","modified_gmt":"2026-03-25T08:10:33","slug":"sluzby","status":"publish","type":"page","link":"https:\/\/www.patrikvajda.sk\/?page_id=3154","title":{"rendered":"Slu\u017eby"},"content":{"rendered":"<h2>\u201eKa\u017ed\u00e1 nehnute\u013enos\u0165 m\u00e1 svoj pr\u00edbeh. Spolu ho p\u00ed\u0161eme \u010falej.\u201c<\/h2>\n<ul>\n<li>\n<p>        <img decoding=\"async\" src=\"\/wp-content\/uploads\/2026\/01\/2Vako_predat.svg\" alt=\"\"><\/p>\n<h3>Predaj<\/h3>\n<div>Zabezpe\u010d\u00edme profesion\u00e1lny predaj, kvalitn\u00fa prezent\u00e1ciu a kompletn\u00fd servis bez starost\u00ed.<\/div>\n<\/li>\n<li>\n<p>        <img decoding=\"async\" src=\"\/wp-content\/uploads\/2026\/01\/V2ako_prenajat.svg\" alt=\"\"><\/p>\n<h3>Pren\u00e1jom<\/h3>\n<div>R\u00fdchly pren\u00e1jom, preveren\u00ed n\u00e1jomcovia, stabiln\u00fd pr\u00edjem a minim\u00e1lne rizik\u00e1.<\/div>\n<\/li>\n<li>\n<p>        <img decoding=\"async\" src=\"\/wp-content\/uploads\/2026\/01\/V2investovanie.svg\" alt=\"\"><\/p>\n<h3>Investovanie<\/h3>\n<div>N\u00e1jdeme v\u00fdnosn\u00e9 invest\u00edcie, riadime cel\u00fd proces pre stabiln\u00fd dlhodob\u00fd zisk.<\/div>\n<\/li>\n<li>\n<p>        <img decoding=\"async\" src=\"\/wp-content\/uploads\/2026\/01\/V2agent_kupujuceho.svg\" alt=\"\"><\/p>\n<h3>K\u00fapa<\/h3>\n<div>Pom\u00f4\u017eeme n\u00e1js\u0165 ide\u00e1lnu nehnute\u013enos\u0165 a vyjedna\u0165 najv\u00fdhodnej\u0161iu cenu.<\/div>\n<\/li>\n<li>\n<p>        <img decoding=\"async\" src=\"\/wp-content\/uploads\/2026\/01\/V2developerske_projekty.svg\" alt=\"\"><\/p>\n<h3>Ocenenie nehnute\u013enosti<\/h3>\n<div>Presn\u00e9 ocenenie pod\u013ea trhu pre spr\u00e1vne rozhodnutia a maxim\u00e1lny v\u00fdnos.<\/div>\n<\/li>\n<li>\n<h3>Marketing<\/h3>\n<div>Modern\u00fd marketing, profesion\u00e1lna prezent\u00e1cia a cielen\u00e1 reklama pre r\u00fdchly predaj.<\/div>\n<\/li>\n<li>\n<p>        <img decoding=\"async\" src=\"\/wp-content\/uploads\/2026\/01\/V2financne_sluzby.svg\" alt=\"\"><\/p>\n<h3>Poistenie<\/h3>\n<div>Navrhneme poistenie a invest\u00edcie pre ochranu, stabilitu a rast financi\u00ed.<\/div>\n<\/li>\n<li>\n<p>        <img decoding=\"async\" src=\"\/wp-content\/uploads\/2026\/01\/V2investovanie.svg\" alt=\"\"><\/p>\n<h3>Financovanie<\/h3>\n<div>Zabezpe\u010d\u00edme financovanie a nastav\u00edme optim\u00e1lnu dlhodob\u00fa \u0161trukt\u00faru \u2013 bezplatne.<\/div>\n<\/li>\n<\/ul>\n<p><!--more--><br \/>\n<!-- {\"type\":\"layout\",\"children\":[{\"name\":\"Testimonial\",\"type\":\"section\",\"props\":{\"image\":\"wp-content\\\/uploads\\\/career-teaser.jpg\",\"image_loading\":true,\"image_position\":\"center-center\",\"image_size\":\"cover\",\"image_width\":\"2560\",\"media_background\":\"#fff\",\"media_overlay\":\"rgba(0,0,0,0)\",\"padding\":\"large\",\"style\":\"secondary\",\"title_breakpoint\":\"xl\",\"title_position\":\"top-left\",\"title_rotation\":\"left\",\"vertical_align\":\"\",\"width\":\"default\"},\"children\":[{\"type\":\"row\",\"children\":[{\"type\":\"column\",\"props\":{\"image_position\":\"center-center\",\"position_sticky_breakpoint\":\"m\",\"width_medium\":\"1-1\"},\"children\":[{\"type\":\"headline\",\"props\":{\"content\":\"\\u201eKa\\u017ed\\u00e1 nehnute\\u013enos\\u0165 m\\u00e1 svoj pr\\u00edbeh. Spolu ho p\\u00ed\\u0161eme \\u010falej.\\u201c\",\"maxwidth\":\"large\",\"text_align\":\"left\",\"title_element\":\"h2\"}}]}]}]},{\"name\":\"Benefits\",\"type\":\"section\",\"props\":{\"image_position\":\"center-center\",\"image_size\":\"cover\",\"style\":\"default\",\"title_breakpoint\":\"xl\",\"title_position\":\"top-left\",\"title_rotation\":\"left\",\"vertical_align\":\"\",\"width\":\"default\"},\"children\":[{\"type\":\"row\",\"children\":[{\"type\":\"column\",\"props\":{\"image_position\":\"center-center\",\"position_sticky_breakpoint\":\"m\",\"width_medium\":\"1-1\"},\"children\":[{\"type\":\"grid\",\"props\":{\"content_column_breakpoint\":\"m\",\"filter_align\":\"left\",\"filter_all\":true,\"filter_grid_breakpoint\":\"m\",\"filter_grid_width\":\"auto\",\"filter_position\":\"top\",\"filter_style\":\"tab\",\"grid_column_gap\":\"large\",\"grid_default\":\"1\",\"grid_medium\":\"4\",\"grid_row_gap\":\"large\",\"grid_small\":\"2\",\"icon_width\":\"85\",\"image_align\":\"top\",\"image_grid_breakpoint\":\"m\",\"image_grid_width\":\"1-2\",\"image_svg_color\":\"emphasis\",\"item_animation\":true,\"lightbox_bg_close\":true,\"link_style\":\"default\",\"link_text\":\"Read more\",\"margin\":\"medium\",\"meta_align\":\"below-title\",\"meta_element\":\"div\",\"meta_style\":\"text-meta\",\"parallax_easing\":\"1\",\"show_content\":true,\"show_hover_image\":true,\"show_hover_video\":true,\"show_image\":true,\"show_link\":true,\"show_meta\":true,\"show_title\":true,\"show_video\":true,\"text_align\":\"center\",\"title_align\":\"top\",\"title_element\":\"h3\",\"title_grid_breakpoint\":\"m\",\"title_grid_width\":\"1-2\",\"title_hover_style\":\"reset\"},\"children\":[{\"type\":\"grid_item\",\"props\":{\"content\":\"Zabezpe\\u010d\\u00edme profesion\\u00e1lny predaj, kvalitn\\u00fa prezent\\u00e1ciu a kompletn\\u00fd servis bez starost\\u00ed.\",\"icon\":\"home\",\"image\":\"wp-content\\\/uploads\\\/2026\\\/01\\\/2Vako_predat.svg\",\"title\":\"Predaj\"}},{\"type\":\"grid_item\",\"props\":{\"content\":\"R\\u00fdchly pren\\u00e1jom, preveren\\u00ed n\\u00e1jomcovia, stabiln\\u00fd pr\\u00edjem a minim\\u00e1lne rizik\\u00e1.\",\"icon\":\"lifesaver\",\"image\":\"wp-content\\\/uploads\\\/2026\\\/01\\\/V2ako_prenajat.svg\",\"title\":\"Pren\\u00e1jom\"}},{\"type\":\"grid_item\",\"props\":{\"content\":\"N\\u00e1jdeme v\\u00fdnosn\\u00e9 invest\\u00edcie, riadime cel\\u00fd proces pre stabiln\\u00fd dlhodob\\u00fd zisk.\",\"icon\":\"user\",\"image\":\"wp-content\\\/uploads\\\/2026\\\/01\\\/V2investovanie.svg\",\"title\":\"Investovanie\"}},{\"type\":\"grid_item\",\"props\":{\"content\":\"Pom\\u00f4\\u017eeme n\\u00e1js\\u0165 ide\\u00e1lnu nehnute\\u013enos\\u0165 a vyjedna\\u0165 najv\\u00fdhodnej\\u0161iu cenu.\",\"icon\":\"user\",\"image\":\"wp-content\\\/uploads\\\/2026\\\/01\\\/V2agent_kupujuceho.svg\",\"title\":\"K\\u00fapa\"}},{\"type\":\"grid_item\",\"props\":{\"content\":\"Presn\\u00e9 ocenenie pod\\u013ea trhu pre spr\\u00e1vne rozhodnutia a maxim\\u00e1lny v\\u00fdnos.\",\"icon\":\"desktop\",\"image\":\"wp-content\\\/uploads\\\/2026\\\/01\\\/V2developerske_projekty.svg\",\"title\":\"Ocenenie nehnute\\u013enosti\"}},{\"type\":\"grid_item\",\"props\":{\"content\":\"Modern\\u00fd marketing, profesion\\u00e1lna prezent\\u00e1cia a cielen\\u00e1 reklama pre r\\u00fdchly predaj.\",\"icon\":\"users\",\"title\":\"Marketing\"}},{\"type\":\"grid_item\",\"props\":{\"content\":\"Navrhneme poistenie a invest\\u00edcie pre ochranu, stabilitu a rast financi\\u00ed.\",\"icon\":\"happy\",\"image\":\"wp-content\\\/uploads\\\/2026\\\/01\\\/V2financne_sluzby.svg\",\"title\":\"Poistenie\"}},{\"type\":\"grid_item\",\"props\":{\"content\":\"Zabezpe\\u010d\\u00edme financovanie a nastav\\u00edme optim\\u00e1lnu dlhodob\\u00fa \\u0161trukt\\u00faru \\u2013 bezplatne.\",\"icon\":\"clock\",\"image\":\"wp-content\\\/uploads\\\/2026\\\/01\\\/V2investovanie.svg\",\"title\":\"Financovanie\"}}]}]}]}]}],\"version\":\"4.5.8\"} --><\/p>\n","protected":false},"excerpt":{"rendered":"<p>\u201eKa\u017ed\u00e1 nehnute\u013enos\u0165 m\u00e1 svoj pr\u00edbeh. Spolu ho p\u00ed\u0161eme \u010falej.\u201c Predaj Zabezpe\u010d\u00edme profesion\u00e1lny predaj, kvalitn\u00fa prezent\u00e1ciu a kompletn\u00fd servis bez starost\u00ed. Pren\u00e1jom R\u00fdchly pren\u00e1jom, preveren\u00ed n\u00e1jomcovia, stabiln\u00fd pr\u00edjem a minim\u00e1lne rizik\u00e1. Investovanie N\u00e1jdeme v\u00fdnosn\u00e9 invest\u00edcie, riadime cel\u00fd proces pre stabiln\u00fd dlhodob\u00fd zisk. K\u00fapa Pom\u00f4\u017eeme n\u00e1js\u0165 ide\u00e1lnu nehnute\u013enos\u0165 a vyjedna\u0165 najv\u00fdhodnej\u0161iu cenu. Ocenenie nehnute\u013enosti Presn\u00e9 ocenenie pod\u013ea [&hellip;]<\/p>\n","protected":false},"author":1,"featured_media":0,"parent":0,"menu_order":0,"comment_status":"closed","ping_status":"closed","template":"","meta":{"_acf_changed":false,"footnotes":""},"class_list":["post-3154","page","type-page","status-publish","hentry"],"acf":[],"_links":{"self":[{"href":"https:\/\/www.patrikvajda.sk\/index.php?rest_route=\/wp\/v2\/pages\/3154","targetHints":{"allow":["GET"]}}],"collection":[{"href":"https:\/\/www.patrikvajda.sk\/index.php?rest_route=\/wp\/v2\/pages"}],"about":[{"href":"https:\/\/www.patrikvajda.sk\/index.php?rest_route=\/wp\/v2\/types\/page"}],"author":[{"embeddable":true,"href":"https:\/\/www.patrikvajda.sk\/index.php?rest_route=\/wp\/v2\/users\/1"}],"replies":[{"embeddable":true,"href":"https:\/\/www.patrikvajda.sk\/index.php?rest_route=%2Fwp%2Fv2%2Fcomments&post=3154"}],"version-history":[{"count":10,"href":"https:\/\/www.patrikvajda.sk\/index.php?rest_route=\/wp\/v2\/pages\/3154\/revisions"}],"predecessor-version":[{"id":3219,"href":"https:\/\/www.patrikvajda.sk\/index.php?rest_route=\/wp\/v2\/pages\/3154\/revisions\/3219"}],"wp:attachment":[{"href":"https:\/\/www.patrikvajda.sk\/index.php?rest_route=%2Fwp%2Fv2%2Fmedia&parent=3154"}],"curies":[{"name":"wp","href":"https:\/\/api.w.org\/{rel}","templated":true}]}}