{"id":3208,"date":"2026-03-25T07:40:58","date_gmt":"2026-03-25T07:40:58","guid":{"rendered":"https:\/\/www.patrikvajda.sk\/?page_id=3208"},"modified":"2026-03-25T12:59:58","modified_gmt":"2026-03-25T12:59:58","slug":"kontakt","status":"publish","type":"page","link":"https:\/\/www.patrikvajda.sk\/?page_id=3208","title":{"rendered":"Kontakt"},"content":{"rendered":"<h1>Som tu pre v\u00e1s<\/h1>\n<div>Poz\u00edcia<\/div>\n<div>Realitn\u00fd makl\u00e9r  <\/div>\n<p><p>\n        <a href=\"mailto:business@example.com\">vajda@realitynakluc.sk<\/a>\n    <\/p>\n<\/p>\n<div>Kontakt<\/div>\n<div>Patrik<br \/>Vajda\n<\/div>\n<h1>+421 949 054 247<\/h1>\n<div>Adresa<\/div>\n<div>Hlavne n\u00e1mestie 7\n<\/div>\n<h1>Nov\u00e9 Z\u00e1mky<\/h1>\n<p><a href=\"#location\">[arrow-down]<\/a><\/p>\n<h2><a href=\"#\">Nap\u00ed\u0161te mi<\/a><\/h2>\n<div>\n<form class=\"uk-form-stacked\"\n      action=\"https:\/\/formspree.io\/f\/TVOJ_FORM_ID\"\n      method=\"POST\"\n      uk-form=\"target: #form-wrapper; sel-result: .result\"><\/p>\n<div id=\"form-wrapper\">\n<div class=\"uk-margin\">\n      <input class=\"uk-input\" type=\"text\" name=\"name\" placeholder=\"Va\u0161e meno\" required>\n    <\/div>\n<div class=\"uk-margin\">\n      <input class=\"uk-input\" type=\"email\" name=\"email\" placeholder=\"V\u00e1\u0161 e-mail\" required>\n    <\/div>\n<div class=\"uk-margin\">\n      <input class=\"uk-input\" type=\"text\" name=\"phone\" placeholder=\"Telef\u00f3n\">\n    <\/div>\n<div class=\"uk-margin\">\n      <textarea class=\"uk-textarea\" name=\"message\" rows=\"5\" placeholder=\"Va\u0161a spr\u00e1va\" required><\/textarea>\n    <\/div>\n<p>    <input type=\"hidden\" name=\"_subject\" value=\"Nov\u00fd kontakt z webu\"><\/p>\n<p>    <button class=\"uk-button uk-button-primary uk-width-1-1\" type=\"submit\"><br \/>\n      Odosla\u0165<br \/>\n    <\/button><\/p><\/div>\n<p>  <!-- Toto je odpove\u010f, ktor\u00e1 nahrad\u00ed formul\u00e1r --><\/p>\n<div class=\"result uk-hidden\">\n<div class=\"uk-text-center uk-padding\">\n<h3>\u010eakujem za spr\u00e1vu<\/h3>\n<p>Ozvem sa v\u00e1m \u010do najsk\u00f4r.<\/p>\n<\/p><\/div>\n<\/p><\/div>\n<\/form>\n<\/div>\n<div>\n<p>47.9864,18.1622<\/p>\n<\/div>\n<p><!--more--><br \/>\n<!-- {\"type\":\"layout\",\"children\":[{\"name\":\"kontakt\",\"type\":\"section\",\"props\":{\"header_transparent\":true,\"header_transparent_noplaceholder\":true,\"header_transparent_text_color\":\"light\",\"height\":\"viewport\",\"height_viewport_offset\":true,\"image_height\":\"1440\",\"image_position\":\"center-center\",\"image_width\":\"2560\",\"media_background\":\"#111111\",\"media_overlay\":\"rgba(0, 0, 0, 0.7)\",\"padding_bottom\":\"xlarge\",\"padding_top\":\"xlarge\",\"style\":\"secondary\",\"title_breakpoint\":\"xl\",\"title_position\":\"top-left\",\"title_rotation\":\"left\",\"vertical_align\":\"middle\",\"video\":\"wp-content\\\/uploads\\\/2026\\\/03\\\/grok-video-fe1d58ed-5820-4b0d-8213-8c4d26959f01.mp4\",\"width\":\"small\"},\"children\":[{\"type\":\"row\",\"children\":[{\"type\":\"column\",\"props\":{\"image_position\":\"center-center\",\"position_sticky_breakpoint\":\"m\",\"width_medium\":\"1-1\"},\"children\":[{\"type\":\"headline\",\"props\":{\"animation\":\"parallax\",\"content\":\"Som tu pre v\\u00e1s\",\"image_align\":\"left\",\"image_margin\":\"xsmall\",\"margin_bottom\":\"large\",\"margin_top\":\"large\",\"parallax_easing\":\"1\",\"parallax_end\":\"10vh + 10%\",\"parallax_opacity\":\"1,0\",\"text_align\":\"center\",\"title_color\":\"primary\",\"title_element\":\"h1\",\"title_style\":\"heading-small\"}}]}]},{\"type\":\"row\",\"props\":{\"column_gap\":\"large\",\"divider\":true,\"layout\":\"1-3,1-3,1-3\",\"row_gap\":\"large\"},\"children\":[{\"type\":\"column\",\"props\":{\"image_position\":\"center-center\",\"position_sticky_breakpoint\":\"m\",\"width_medium\":\"1-3\"},\"children\":[{\"type\":\"text\",\"props\":{\"column_breakpoint\":\"m\",\"content\":\"Poz\\u00edcia\",\"margin\":\"default\",\"margin_bottom\":\"default\",\"margin_top\":\"default\",\"text_align\":\"left\",\"text_align_breakpoint\":\"m\",\"text_align_fallback\":\"center\",\"text_style\":\"meta\"}},{\"type\":\"headline\",\"props\":{\"content\":\"Realitn\\u00fd makl\\u00e9r  \",\"image_align\":\"left\",\"image_margin\":\"xsmall\",\"margin_bottom\":\"small\",\"margin_top\":\"small\",\"text_align\":\"left\",\"text_align_breakpoint\":\"m\",\"text_align_fallback\":\"center\",\"title_element\":\"div\",\"title_style\":\"h3\"}},{\"type\":\"button\",\"props\":{\"button_size\":\"large\",\"grid_column_gap\":\"small\",\"grid_row_gap\":\"small\",\"margin\":\"default\",\"margin_bottom\":\"default\",\"margin_top\":\"default\",\"text_align\":\"left\",\"text_align_breakpoint\":\"m\",\"text_align_fallback\":\"center\"},\"children\":[{\"type\":\"button_item\",\"props\":{\"button_style\":\"text\",\"content\":\"vajda@realitynakluc.sk\",\"dialog_layout\":\"modal\",\"dialog_offcanvas_flip\":true,\"icon_align\":\"left\",\"link\":\"mailto:business@example.com\"}}]}]},{\"type\":\"column\",\"props\":{\"image_position\":\"center-center\",\"position_sticky_breakpoint\":\"m\",\"width_medium\":\"1-3\"},\"children\":[{\"type\":\"text\",\"props\":{\"column_breakpoint\":\"m\",\"content\":\"Kontakt\",\"margin\":\"default\",\"margin_bottom\":\"default\",\"margin_top\":\"default\",\"text_align\":\"left\",\"text_align_breakpoint\":\"m\",\"text_align_fallback\":\"center\",\"text_style\":\"meta\"}},{\"type\":\"headline\",\"props\":{\"content\":\"Patrik<br \/>Vajda  \\n\",\"image_align\":\"left\",\"image_margin\":\"xsmall\",\"margin_bottom\":\"small\",\"margin_top\":\"small\",\"text_align\":\"left\",\"text_align_breakpoint\":\"m\",\"text_align_fallback\":\"center\",\"title_element\":\"div\",\"title_style\":\"h3\"}},{\"type\":\"headline\",\"props\":{\"content\":\"+421 949 054 247\",\"margin\":\"small\",\"text_align\":\"left\",\"text_align_breakpoint\":\"m\",\"text_align_fallback\":\"center\",\"title_element\":\"h1\",\"title_style\":\"text-small\"}}]},{\"type\":\"column\",\"props\":{\"image_position\":\"center-center\",\"position_sticky_breakpoint\":\"m\",\"width_medium\":\"1-3\"},\"children\":[{\"type\":\"text\",\"props\":{\"column_breakpoint\":\"m\",\"content\":\"Adresa\",\"margin\":\"default\",\"margin_bottom\":\"default\",\"margin_top\":\"default\",\"text_align\":\"left\",\"text_align_breakpoint\":\"m\",\"text_align_fallback\":\"center\",\"text_style\":\"meta\"}},{\"type\":\"headline\",\"props\":{\"content\":\"Hlavne n\\u00e1mestie 7\\n\",\"image_align\":\"left\",\"image_margin\":\"xsmall\",\"margin_bottom\":\"small\",\"margin_top\":\"small\",\"text_align\":\"left\",\"text_align_breakpoint\":\"m\",\"text_align_fallback\":\"center\",\"title_element\":\"div\",\"title_style\":\"h3\"}},{\"type\":\"headline\",\"props\":{\"content\":\"Nov\\u00e9 Z\\u00e1mky\",\"margin\":\"small\",\"text_align\":\"left\",\"text_align_breakpoint\":\"m\",\"text_align_fallback\":\"center\",\"title_element\":\"h1\",\"title_style\":\"text-small\"}}]}]},{\"type\":\"row\",\"props\":{\"margin_bottom\":\"large\",\"margin_top\":\"large\"},\"children\":[{\"type\":\"column\",\"props\":{\"image_position\":\"center-center\",\"position_sticky_breakpoint\":\"m\"},\"children\":[{\"type\":\"icon\",\"props\":{\"animation\":\"parallax\",\"icon\":\"arrow-down\",\"icon_width\":30,\"link\":\"#location\",\"margin\":\"default\",\"margin_bottom\":\"large\",\"margin_top\":\"large\",\"parallax_easing\":\"1\",\"parallax_end\":\"10vh + 10%\",\"parallax_opacity\":\"1,0\",\"parallax_y\":\"0,110\",\"text_align\":\"center\"}}]}]}]},{\"name\":\"kontakt Location\",\"type\":\"section\",\"props\":{\"id\":\"location\",\"image\":\"wp-content\\\/uploads\\\/lets-talk-location-texture.svg\",\"image_effect\":\"parallax\",\"image_parallax_bgx\":\"150,150\",\"image_parallax_bgy\":\"-100,100\",\"image_parallax_easing\":\"1\",\"image_position\":\"center-left\",\"media_visibility\":\"l\",\"padding_bottom\":\"xlarge\",\"padding_top\":\"xlarge\",\"style\":\"default\",\"title_breakpoint\":\"xl\",\"title_position\":\"top-left\",\"title_rotation\":\"left\",\"vertical_align\":\"\",\"width\":\"large\"},\"children\":[{\"type\":\"row\",\"props\":{\"layout\":\"1-2,1-4,1-4|1-1,1-2,1-2\"},\"children\":[{\"type\":\"column\",\"props\":{\"image_position\":\"center-center\",\"position_sticky_breakpoint\":\"m\",\"width_medium\":\"1-2\",\"width_small\":\"1-1\"},\"children\":[{\"type\":\"headline\",\"props\":{\"animation\":\"parallax\",\"content\":\"Nap\\u00ed\\u0161te mi\",\"image_align\":\"left\",\"image_margin\":\"xsmall\",\"link\":\"#\",\"parallax_breakpoint\":\"m\",\"parallax_easing\":\"1\",\"parallax_end\":\"70vh + 70%\",\"parallax_opacity\":\"0,1\",\"text_align\":\"left\",\"text_align_breakpoint\":\"m\",\"text_align_fallback\":\"center\",\"title_element\":\"h2\",\"title_style\":\"heading-small\"}}]},{\"type\":\"column\",\"props\":{\"image_position\":\"center-center\",\"position_sticky_breakpoint\":\"m\",\"width_medium\":\"1-4\",\"width_small\":\"1-2\"},\"children\":[{\"type\":\"html\",\"props\":{\"content\":\"\n\n<form class=\\\"uk-form-stacked\\\"\\n      action=\\\"https:\\\/\\\/formspree.io\\\/f\\\/TVOJ_FORM_ID\\\"\\n      method=\\\"POST\\\"\\n      uk-form=\\\"target: #form-wrapper; sel-result: .result\\\">\\n\\n  \n\n<div id=\\\"form-wrapper\\\">\\n\\n    \n\n<div class=\\\"uk-margin\\\">\\n      <input class=\\\"uk-input\\\" type=\\\"text\\\" name=\\\"name\\\" placeholder=\\\"Va\\u0161e meno\\\" required>\\n    <\\\/div>\\n\\n    \n\n<div class=\\\"uk-margin\\\">\\n      <input class=\\\"uk-input\\\" type=\\\"email\\\" name=\\\"email\\\" placeholder=\\\"V\\u00e1\\u0161 e-mail\\\" required>\\n    <\\\/div>\\n\\n    \n\n<div class=\\\"uk-margin\\\">\\n      <input class=\\\"uk-input\\\" type=\\\"text\\\" name=\\\"phone\\\" placeholder=\\\"Telef\\u00f3n\\\">\\n    <\\\/div>\\n\\n    \n\n<div class=\\\"uk-margin\\\">\\n      <textarea class=\\\"uk-textarea\\\" name=\\\"message\\\" rows=\\\"5\\\" placeholder=\\\"Va\\u0161a spr\\u00e1va\\\" required><\\\/textarea>\\n    <\\\/div>\\n\\n    <input type=\\\"hidden\\\" name=\\\"_subject\\\" value=\\\"Nov\\u00fd kontakt z webu\\\">\\n\\n    <button class=\\\"uk-button uk-button-primary uk-width-1-1\\\" type=\\\"submit\\\">\\n      Odosla\\u0165\\n    <\\\/button>\\n\\n  <\\\/div>\\n\\n  <!-- Toto je odpove\\u010f, ktor\\u00e1 nahrad\\u00ed formul\\u00e1r -->\\n  <\/p>\n<div class=\\\"result uk-hidden\\\">\\n    <\/p>\n<div class=\\\"uk-text-center uk-padding\\\">\\n      <\/p>\n<h3>\\u010eakujem za spr\\u00e1vu<\\\/h3>\\n      <\/p>\n<p>Ozvem sa v\\u00e1m \\u010do najsk\\u00f4r.<\\\/p>\\n    <\\\/div>\\n  <\\\/div>\\n\\n<\\\/form>&#8220;}}]},{&#8220;type&#8221;:&#8221;column&#8221;,&#8221;props&#8221;:{&#8220;image_position&#8221;:&#8221;center-center&#8221;,&#8221;position_sticky_breakpoint&#8221;:&#8221;m&#8221;,&#8221;width_medium&#8221;:&#8221;1-4&#8243;,&#8221;width_small&#8221;:&#8221;1-2&#8243;},&#8221;children&#8221;:[{&#8220;type&#8221;:&#8221;map&#8221;,&#8221;props&#8221;:{&#8220;controls&#8221;:true,&#8221;dragging&#8221;:false,&#8221;height&#8221;:400,&#8221;image_svg_color&#8221;:&#8221;emphasis&#8221;,&#8221;link_style&#8221;:&#8221;default&#8221;,&#8221;link_text&#8221;:&#8221;Read more&#8221;,&#8221;margin&#8221;:&#8221;default&#8221;,&#8221;max_zoom&#8221;:18,&#8221;meta_align&#8221;:&#8221;below-title&#8221;,&#8221;meta_element&#8221;:&#8221;div&#8221;,&#8221;meta_style&#8221;:&#8221;text-meta&#8221;,&#8221;min_zoom&#8221;:0,&#8221;poi&#8221;:false,&#8221;show_content&#8221;:true,&#8221;show_image&#8221;:true,&#8221;show_link&#8221;:true,&#8221;show_meta&#8221;:true,&#8221;show_title&#8221;:true,&#8221;title_element&#8221;:&#8221;h3&#8243;,&#8221;title_hover_style&#8221;:&#8221;reset&#8221;,&#8221;type&#8221;:&#8221;roadmap&#8221;,&#8221;zoom&#8221;:10,&#8221;zooming&#8221;:false},&#8221;children&#8221;:[{&#8220;type&#8221;:&#8221;map_item&#8221;,&#8221;props&#8221;:{&#8220;location&#8221;:&#8221;47.9864,18.1622&#8243;}}]}]}]}]}],&#8221;version&#8221;:&#8221;4.5.8&#8243;} &#8211;><\/p>\n","protected":false},"excerpt":{"rendered":"<p>Som tu pre v\u00e1s Poz\u00edcia Realitn\u00fd makl\u00e9r vajda@realitynakluc.sk Kontakt PatrikVajda +421 949 054 247 Adresa Hlavne n\u00e1mestie 7 Nov\u00e9 Z\u00e1mky [arrow-down] Nap\u00ed\u0161te mi Odosla\u0165 \u010eakujem za spr\u00e1vu Ozvem sa v\u00e1m \u010do najsk\u00f4r. 47.9864,18.1622<\/p>\n","protected":false},"author":1,"featured_media":0,"parent":0,"menu_order":0,"comment_status":"closed","ping_status":"closed","template":"","meta":{"_acf_changed":false,"footnotes":""},"class_list":["post-3208","page","type-page","status-publish","hentry"],"acf":[],"_links":{"self":[{"href":"https:\/\/www.patrikvajda.sk\/index.php?rest_route=\/wp\/v2\/pages\/3208","targetHints":{"allow":["GET"]}}],"collection":[{"href":"https:\/\/www.patrikvajda.sk\/index.php?rest_route=\/wp\/v2\/pages"}],"about":[{"href":"https:\/\/www.patrikvajda.sk\/index.php?rest_route=\/wp\/v2\/types\/page"}],"author":[{"embeddable":true,"href":"https:\/\/www.patrikvajda.sk\/index.php?rest_route=\/wp\/v2\/users\/1"}],"replies":[{"embeddable":true,"href":"https:\/\/www.patrikvajda.sk\/index.php?rest_route=%2Fwp%2Fv2%2Fcomments&post=3208"}],"version-history":[{"count":6,"href":"https:\/\/www.patrikvajda.sk\/index.php?rest_route=\/wp\/v2\/pages\/3208\/revisions"}],"predecessor-version":[{"id":3250,"href":"https:\/\/www.patrikvajda.sk\/index.php?rest_route=\/wp\/v2\/pages\/3208\/revisions\/3250"}],"wp:attachment":[{"href":"https:\/\/www.patrikvajda.sk\/index.php?rest_route=%2Fwp%2Fv2%2Fmedia&parent=3208"}],"curies":[{"name":"wp","href":"https:\/\/api.w.org\/{rel}","templated":true}]}}