{"id":2967,"date":"2025-08-19T13:59:19","date_gmt":"2025-08-19T13:59:19","guid":{"rendered":"https:\/\/www.patrikvajda.sk\/?post_type=product&#038;p=2967"},"modified":"2025-09-16T15:22:02","modified_gmt":"2025-09-16T15:22:02","slug":"skladovy-objekt-v-novych-zamkoch","status":"publish","type":"product","link":"https:\/\/www.patrikvajda.sk\/?product=skladovy-objekt-v-novych-zamkoch","title":{"rendered":"Skladov\u00fd objekt v Nov\u00fdch Z\u00e1mkoch"},"content":{"rendered":"<p>Reality na k\u013e\u00fa\u010d V\u00e1m pon\u00faka na predaj skladov\u00fd objekt v Nov\u00fdch Z\u00e1mkoch.<\/p>\n<p>Pon\u00fakan\u00fd sklad sa nach\u00e1dza v uzavretom a str\u00e1\u017eenom are\u00e1li, ktor\u00fd poskytuje vysok\u00fa mieru bezpe\u010dnosti a komfortu pre logistiku a uskladnenie tovaru. Celkov\u00e1 zastavan\u00e1 plocha objektu je 1 331 m\u00b2.<\/p>\n<p>Dispozi\u010dne je sklad rozdelen\u00fd na dva hlavn\u00e9 priestory o rozmeroch 17,4 m \u00d7 30,4 m. V jednom z nich sa nach\u00e1dza administrat\u00edvne z\u00e1zemie zah\u0155\u0148aj\u00face 3 kancel\u00e1rie, 2 sprchov\u00e9 k\u00faty, 2 toalety, kuchynku a kotol\u0148u. Sklad je vybaven\u00fd kovov\u00fdmi reg\u00e1lmi, ktor\u00e9 ost\u00e1vaj\u00fa s\u00fa\u010das\u0165ou predaja. Podlahy v celom objekte s\u00fa bet\u00f3nov\u00e9 \u2013 vhodn\u00e9 aj pre \u0165a\u017e\u0161iu techniku \u010di paletov\u00e9 uskladnenie.<\/p>\n<p>Zo strany skladu sa nach\u00e1dzaj\u00fa 4 n\u00e1kladn\u00e9 br\u00e1ny, ktor\u00e9 umo\u017e\u0148uj\u00fa pohodln\u00e9 nakladanie a vykladanie tovaru. Pr\u00edstup je mo\u017en\u00fd osobn\u00fdm autom, n\u00e1kladn\u00fdm vozidlom aj kami\u00f3nom. Vykurovanie je zabezpe\u010den\u00e9 elektrick\u00fdm k\u00faren\u00edm.<\/p>\n<p>Vyu\u017eitie:<br \/>\nTento skladov\u00fd objekt pon\u00faka \u0161irok\u00e9 mo\u017enosti vyu\u017eitia \u2013 od ve\u013ekoskladu, cez logistick\u00e9 centrum, a\u017e po maloobchod.<\/p>\n<p>Hlavn\u00e9 v\u00fdhody:<br \/>\nv\u0161estrann\u00e9 vyu\u017eitie objektu<br \/>\npriestrann\u00e9 skladov\u00e9 kapacity<br \/>\nuzavret\u00fd are\u00e1l so str\u00e1\u017enou slu\u017ebou<br \/>\nmo\u017enos\u0165 parkovania priamo pri objekte<\/p>\n<p>Cena nehnute\u013enosti: 399 000 \u20ac<\/p>\n","protected":false},"excerpt":{"rendered":"<p>Reality na k\u013e\u00fa\u010d V\u00e1m pon\u00faka na predaj skladov\u00fd objekt v Nov\u00fdch Z\u00e1mkoch. Pon\u00fakan\u00fd sklad sa nach\u00e1dza v uzavretom a str\u00e1\u017eenom are\u00e1li, ktor\u00fd poskytuje vysok\u00fa mieru bezpe\u010dnosti a komfortu pre logistiku a uskladnenie tovaru. Celkov\u00e1 zastavan\u00e1 plocha objektu je 1 331 m\u00b2. Dispozi\u010dne je sklad rozdelen\u00fd na dva hlavn\u00e9 priestory o rozmeroch 17,4 m \u00d7 30,4 [&hellip;]<\/p>\n","protected":false},"featured_media":2968,"comment_status":"closed","ping_status":"closed","template":"","meta":{"_acf_changed":false},"pa_colors":[],"pa_sizes":[],"product_brand":[],"product_cat":[15],"product_tag":[],"class_list":{"0":"post-2967","1":"product","2":"type-product","3":"status-publish","4":"has-post-thumbnail","6":"product_cat-uncategorized","8":"first","9":"instock","10":"featured","11":"taxable","12":"shipping-taxable","13":"purchasable","14":"product-type-simple"},"acf":[],"_links":{"self":[{"href":"https:\/\/www.patrikvajda.sk\/index.php?rest_route=\/wp\/v2\/product\/2967","targetHints":{"allow":["GET"]}}],"collection":[{"href":"https:\/\/www.patrikvajda.sk\/index.php?rest_route=\/wp\/v2\/product"}],"about":[{"href":"https:\/\/www.patrikvajda.sk\/index.php?rest_route=\/wp\/v2\/types\/product"}],"replies":[{"embeddable":true,"href":"https:\/\/www.patrikvajda.sk\/index.php?rest_route=%2Fwp%2Fv2%2Fcomments&post=2967"}],"wp:featuredmedia":[{"embeddable":true,"href":"https:\/\/www.patrikvajda.sk\/index.php?rest_route=\/wp\/v2\/media\/2968"}],"wp:attachment":[{"href":"https:\/\/www.patrikvajda.sk\/index.php?rest_route=%2Fwp%2Fv2%2Fmedia&parent=2967"}],"wp:term":[{"taxonomy":"pa_color","embeddable":true,"href":"https:\/\/www.patrikvajda.sk\/index.php?rest_route=%2Fwp%2Fv2%2Fpa_colors&post=2967"},{"taxonomy":"pa_size","embeddable":true,"href":"https:\/\/www.patrikvajda.sk\/index.php?rest_route=%2Fwp%2Fv2%2Fpa_sizes&post=2967"},{"taxonomy":"product_brand","embeddable":true,"href":"https:\/\/www.patrikvajda.sk\/index.php?rest_route=%2Fwp%2Fv2%2Fproduct_brand&post=2967"},{"taxonomy":"product_cat","embeddable":true,"href":"https:\/\/www.patrikvajda.sk\/index.php?rest_route=%2Fwp%2Fv2%2Fproduct_cat&post=2967"},{"taxonomy":"product_tag","embeddable":true,"href":"https:\/\/www.patrikvajda.sk\/index.php?rest_route=%2Fwp%2Fv2%2Fproduct_tag&post=2967"}],"curies":[{"name":"wp","href":"https:\/\/api.w.org\/{rel}","templated":true}]}}